alculate the remainder when 15 is divided by h.
3
Let b = -1353 - -1472. Calculate the remainder when b is divided by 48.
23
Let a(o) = 2*o**2 - 3*o - 19. What is the remainder when 155 is divided by a(5)?
11
Suppose -3*q + 25 = -95. Suppose 92*n - 1560 = 82*n. Calculate the remainder when n is divided by q.
36
Let o(k) = 2*k**2 - 8*k + 23. Calculate the remainder when o(10) is divided by 56.
31
What is the remainder when (189/15)/((-3)/(-15)) is divided by 34?
29
Let j(n) = 2*n**2 + 3*n + 3. Let p(q) = -20*q + 2. Let d = 7 - 8. Calculate the remainder when p(d) is divided by j(-3).
10
Let u = 18 - 10. Calculate the remainder when 231 is divided by u.
7
Suppose -3*c = 4*g - 26 - 31, 4*c = -2*g + 26. Let i = 108 + -99. Suppose 7 + 47 = i*w. What is the remainder when g is divided by w?
3
Suppose -2*a - 80 = -342. Calculate the remainder when a is divided by 11.
10
Suppose -2*a - 14*a = -512. Let t be ((-10)/(-25))/(1/5). Calculate the remainder when a is divided by t/6 + (-52)/(-6).
5
Let t = 30 + -27. Suppose -8*j + t*j = -515. Calculate the remainder when j is divided by 26.
25
Let y be 251/(-4) + 0 + (-4)/16. What is the remainder when 106 is divided by (216/y)/(2/(-7))?
10
Let y = -15 + 45. Suppose -10*q - 74 = -9*q. Let i = -58 - q. What is the remainder when y is divided by i?
14
Let m(v) = v**2 + 2*v + 21. Suppose 6*t - 2*t = 0. Suppose -j - 4 + t = w, 2*j + 8 = 2*w. What is the remainder when 39 is divided by m(w)?
18
Suppose 5*s - q = -153, 3*q = -2*s - 0*q - 51. Suppose 0 = 7*i - 13*i + 330. What is the remainder when i is divided by 168/s*(-5)/2?
13
Let u = -1 + 70. Suppose -106 - u = -5*w. What is the remainder when w is divided by 12 - (-96)/(-8) - -6*2?
11
Let f(c) = 5*c - 6. Let p(m) = 9*m - 11. Let t(q) = 7*f(q) - 3*p(q). Suppose -9 - 11 = -2*g. Calculate the remainder when t(6) is divided by g.
9
Calculate the remainder when (-2)/(-10) + (-6340)/(-50) is divided by (-261)/(-6) + (-1)/2.
41
Suppose 2*z = f - 13, -3 = -3*f - 2*z + 44. What is the remainder when 101 is divided by f?
11
Let q be -1 + 9/3 + 3. Let z = -5 + q. Suppose z = -5*h + f + 28, -5 = -4*h - 3*f + 25. Calculate the remainder when 16 is divided by h.
4
Let k(q) = -q**3 - 13*q**2 - 13*q + 20. What is the remainder when 191 is divided by k(-12)?
31
Suppose -583 = o - 770. What is the remainder when o is divided by 4?
3
Let x(d) = -d + 28. Let i = 219 - 195. Calculate the remainder when x(-16) is divided by i.
20
Let x = 313 + -239. What is the remainder when x is divided by 5?
4
Let r be -4 + (-3 - -8) + -1. Let o be 3 + 4/(2 + r). Calculate the remainder when (-1)/o + (-132)/(-10) is divided by 6.
1
Suppose 0 = -3*k + 137 - 2. Let h(i) = -i**3 + 28*i**2 + 31*i - 46. Calculate the remainder when k is divided by h(29).
9
Suppose 64 = k + 2*p, 4*p + 6 = 18. Let b = -115 + 31. Let m = 99 + b. Calculate the remainder when k is divided by m.
13
Suppose -4*q = -5*k + 73, -47*q = 5*k - 46*q - 63. Let f = -19 + 55. What is the remainder when f is divided by k?
10
Let v(c) = 9*c**2 - 66*c - 12. Calculate the remainder when v(8) is divided by 10.
6
Suppose -11*i + 40 = -15*i. Let y(v) = -5*v + 14. What is the remainder when y(i) is divided by 17?
13
Let a be 3/(-1) - (-12 - -2). Suppose 156 = a*c - 96. What is the remainder when c is divided by 13?
10
Suppose 5*s + 0*s + 5*z = 1100, -2*s + 2*z = -448. What is the remainder when s is divided by 116?
106
Let q(b) = -79*b - 9. Let f be q(-5). Suppose -p + j = 4*p - f, 0 = 3*p - 2*j - 233. Calculate the remainder when p is divided by 20.
17
Let z = -61 + 63. What is the remainder when (22 - 9)/(1*z/14) is divided by 31?
29
Let c = 20 - 8. Let m = -5 - c. Let l = m - -41. What is the remainder when l is divided by 9?
6
Let c = 12 + 10. Suppose 2*f + 3*b = 8*b - 19, -4*f + c = 2*b. Calculate the remainder when 21 is divided by f.
0
Suppose 0 = -3*s + 3*h + 42, -3*h - 60 = -3*s - 2*s. Let b(y) = -2 + 17 + y - y**3 + 7*y**3 - 5*y**3. Calculate the remainder when b(0) is divided by s.
6
Let x = 354 - 346. What is the remainder when 76 is divided by x?
4
Let a = -420 + 611. Calculate the remainder when a is divided by (-4)/(-3)*18/5*10.
47
Suppose -6*w + 552 = -150. Calculate the remainder when w is divided by 32.
21
Suppose 4*f = -j + 1684 + 614, 11421 = 5*j - 3*f. What is the remainder when j is divided by 26?
24
Suppose 4*c = 4*k + 8, 5*c + k + 2*k - 26 = 0. Suppose 3*w + w - 28 = -3*y, 4*w - c*y = 0. Calculate the remainder when 30 is divided by w.
2
What is the remainder when ((-66)/(-77))/(-1 + 465/462) is divided by 24?
12
Suppose 3*o + 4*u = 116, 57*o + 140 = 62*o - 4*u. Calculate the remainder when 73 is divided by o.
9
Suppose -376 - 29 = -5*d + 5*c, 0 = -d - 5*c + 111. What is the remainder when d is divided by 13?
8
Let k = -13 + 24. Suppose -v - 2*j = -76, -6 = v + 3*j - 77. Calculate the remainder when v is divided by k.
9
Let f = 482 - 328. Calculate the remainder when f is divided by 29.
9
Let l be 0 - ((-57)/(-3))/1. Let j = l - -23. Suppose j*t - 380 = 5*g - g, -3*t + g + 279 = 0. What is the remainder when t is divided by 31?
30
What is the remainder when 305 is divided by 45 - (-66)/(33/3)?
50
Let s(u) = 23*u**2 - 16*u + 44. Suppose 3*d - 5*f - 87 = 0, 5*d + 0*f - 164 = 2*f. Calculate the remainder when s(3) is divided by d.
33
Let q(u) = 21*u - 14. Let c(s) = 10*s - 7. Let n(i) = 5*c(i) - 2*q(i). Let x be n(5). Suppose 13*j - x = 10*j. Calculate the remainder when 30 is divided by j.
8
Suppose -2*w + 7*w = 280. Suppose -30 = 2*o - 4*o + 2*u, -2*u = 3*o - 65. Calculate the remainder when w is divided by o.
18
Suppose 55*g - 75*g + 3280 = 0. Suppose -224 = -6*u - 56. What is the remainder when g is divided by u?
24
Let o = -23 + 37. Suppose 2*k + 2*k + n = 100, -k = -3*n - 12. Calculate the remainder when k is divided by o.
10
Let z = 10 - -6. Suppose 2*i = -5*q + z, -2*q - 2 = 2*i - 18. What is the remainder when 18 + 48/(-6) + 1 + 2 is divided by i?
5
Suppose 1047 = 4*z + 547. Calculate the remainder when z is divided by 18.
17
Let s(b) = -67*b + 13. Let m(t) = 33*t - 6. Let u(g) = 5*m(g) + 2*s(g). Calculate the remainder when u(3) is divided by 23.
20
Let c(i) = -2*i**2 - 16. Let k be c(0). What is the remainder when 683/5 - k/40 is divided by 35?
32
Suppose 0 = 46*u - 36*u - 1300. What is the remainder when u is divided by 22?
20
Let f = 5 + 0. Suppose 0 = -3*v + 5*w + 41, -2*v + 5*v = 2*w + 29. Suppose s = 4*z - 5, -z + 24 = 5*s + v. Calculate the remainder when f is divided by s.
2
Let p(i) = i**2 + 33*i + 92. Calculate the remainder when 173 is divided by p(-31).
23
Suppose -110*w + 108*w + 1938 = 3*y, -5*y + 5*w = -3205. What is the remainder when y is divided by 34?
32
Let n(x) = x**3 - 21*x**2 + 11*x - 151. What is the remainder when n(22) is divided by 24?
23
Suppose 7*p + 280 = 21*p. Let x be 2/(-4) - (-99)/2. Suppose 5*o = -a - 0*o + x, 205 = 5*a + 5*o. What is the remainder when a is divided by p?
19
Let v be 3 + (-1)/4*0. Suppose -2*j = -3*c + 64, -2*c - 2*j + 80 = v*c. What is the remainder when c is divided by 10?
8
Suppose 0 = 3*g - 31 + 10. What is the remainder when 62 is divided by g/((-84)/(-128))*3?
30
Let j be 59 + 8 + (-4)/(1/1). Let x = 67 - j. What is the remainder when 11 is divided by x?
3
Let w = 214 - 195. What is the remainder when 3*(-2)/(-6) - -73 is divided by w?
17
Let c(o) = o**3 - 8*o**2 + 6*o + 8. Let x be c(8). Let u = x + -33. Let l = 133 - 90. Calculate the remainder when l is divided by u.
20
Let c = -36 + 40. Let u(r) = r**2 - 4*r + 4*r - 6. What is the remainder when u(5) is divided by c?
3
Suppose 135 = 5*k + d, 9 = -3*k - 2*d + 97. Calculate the remainder when k is divided by (-18)/(-12)*(-140)/(-15).
12
Let k(t) = -t**2 - 16*t + 2. Let p = -8 + -9. Let b be k(p). Calculate the remainder when 69 is divided by (-14)/(((-6)/b)/(-1)).
34
Suppose -14*i + 2*d + 96 = -10*i, 4*i = -3*d + 106. Suppose -2*y + 4*x + 14 = 0, -x + 21 = 3*y + 4*x. What is the remainder when i is divided by y?
4
Suppose 6*k - h + 423 = 7*k, -4*k = 2*h - 1694. What is the remainder when k is divided by 89?
68
Let a(q) = -5*q - 2. Let m = 22 + -23. What is the remainder when a(-8) is divided by m - ((-152)/11 + 16/(-88))?
12
Let q(k) = 3*k**2 - 2*k + 2. Let m be q(3). Let o = m - 60. Let h = 63 